8*x**2 - 26*x + 25. Let k be i(12). Calculate the greatest common divisor of k and 1.
1
Let z = -1 - -33. Let u = 599168 + -598960. Calculate the greatest common factor of z and u.
16
Suppose -3*k - 4*z = -6*k + 300, -2*k + 204 = -4*z. Let s be ((-1)/(-4)*291)/((-3)/(-16)). Suppose 11*q - 316 = s. What is the highest common factor of q and k?
32
Let l be 16 - (-14 + 16 + -8). Calculate the greatest common divisor of 341 and l.
11
Suppose -90 = 5*a + 3*p, 2*p - 4 = -14. Let r = a + 23. Suppose 0 = 4*d - r*d + 28. What is the greatest common divisor of d and 7?
7
Let f = -338 + -363. Let p = 711 + f. What is the highest common divisor of p and 15?
5
Let o be (-14 - -13 - 9)/(-2). Suppose 4*a - 8*a = -28. Calculate the highest common factor of o and a.
1
Let m(y) = -2*y**3 - 11*y**2 + 29*y - 16. Let q be m(-10). What is the greatest common divisor of 44 and q?
22
Let f = -142 + 211. Let m be (-7645)/(-132) + -12 + (-2)/(-24). Calculate the greatest common factor of m and f.
23
Let h = 10328 + -10090. Calculate the greatest common factor of h and 7616.
238
Let n = 13859 - 13848. Let s = 13 - -86. What is the greatest common divisor of s and n?
11
Let k = -74 - -76. Suppose w - 159 = 4*r, -5*r - 450 = -3*w - k*r. Calculate the greatest common divisor of 3 and w.
3
Let f(i) = 2*i**3 + 2*i**2 - 2*i - 2. Let j be f(-1). Let a be (2 - 6/2)*(j + -2). Calculate the greatest common divisor of a and 9.
1
Suppose 6*f = -0*f + 252. Suppose -400*x - 189 = -403*x. Calculate the greatest common divisor of x and f.
21
Let u = -14 - -26. Suppose 106 = -4*y + 306 + 184. What is the highest common factor of u and y?
12
Suppose d = -3*q - 4, 45*d - 2*q = 50*d - 6. Suppose a + 4*a = 2*i + 492, 8 = d*i. Calculate the highest common factor of 250 and a.
50
Suppose 12 = 7*c - 2. Suppose -57 = -c*s + j, -3*s + 2*s + 5*j + 51 = 0. Suppose 5382 = 18*d + 5*d. Calculate the greatest common factor of d and s.
26
Let d(k) = 13*k**2 + 60*k - 281. Let f be d(-21). Calculate the highest common factor of f and 48.
16
Suppose 82*s + 516 = 125*s. What is the greatest common factor of s and 76?
4
Let x = 39 + -34. Suppose m - 2*g + 9 = 2*m, 0 = -x*m - 5*g + 20. Let h be (2 - (m - -1))*374/4. What is the highest common factor of h and 17?
17
Let j be (60/(-90))/(1/(-267)). Let m = j - 101. Suppose -f + m = -56. What is the greatest common factor of 7 and f?
7
Let p(o) = -o**2 + 24*o + 7. Let v be p(10). Let x be (-4)/9 - (-2225)/45. Calculate the highest common factor of x and v.
49
Let j(s) = -s**3 - 4*s**2 + 2*s - 12. Let b be j(-5). Suppose -12 = -b*w + 45. Suppose 5*x - 1267 = -412. Calculate the highest common factor of w and x.
19
Suppose 3*o - 7 = 5*z, -3*o + 8 = 98*z - 102*z. What is the highest common divisor of 2992 and o?
4
Let y be 15/(-30) - 3915/(-10). What is the highest common factor of y and 459?
17
Let d(n) = -n**2 - 28*n - 13. Let r be d(-27). Calculate the highest common factor of 164 and r.
2
Let z(b) = b**2 - 61*b - 3752. Let j be z(99). Let t(a) = 27*a + 8. Let m be t(6). Calculate the greatest common factor of m and j.
10
Let x = 3829 - 3711. What is the greatest common factor of x and 1534?
118
Let d = 19 + -17. Let a be (47/(1/1))/((-140)/(-280)). What is the greatest common divisor of a and d?
2
Let n(g) = -g + 44. Let v be n(29). Suppose v = 7*h - 2*h. Suppose 46 = 4*a + h*p, -11 = 4*a - 5*p - 41. What is the greatest common factor of 5 and a?
5
Suppose 0 = 42*m - 37*m. Suppose -8*w + 340 + 356 = m. Calculate the greatest common factor of 203 and w.
29
Let d = -11 - -13. Suppose 0 = d*n - 2*q + 3*q + 26, 4*q = -3*n - 44. Let a be n/3*1/(3/(-6)). Calculate the highest common factor of 72 and a.
8
Let y(b) = -b**2 - 64*b - 15. Let m be y(-31). Let w = m - 963. Calculate the highest common divisor of w and 117.
9
Let y be (-872)/(-12) + -2 + (3/9 - -1). Calculate the highest common factor of y and 1341.
9
Let q(n) = 6*n**2 - 632*n + 129. Let h be q(107). Calculate the greatest common divisor of 109 and h.
109
Suppose 4*r + j = -0*j + 31, 4*r - 25 = j. Let g = 43 - r. Suppose -z + g = -27. What is the highest common factor of 9 and z?
9
Let r be 495/55 - -2754*1. What is the greatest common factor of r and 18?
9
Let t be 0*((-50)/15 - -3). Suppose -4 = -4*f, t*a - f = 3*a - 22. Calculate the highest common divisor of a and 77.
7
Suppose 2*z - 193 = 3*n, z - 5*z + 383 = -5*n. Let y = z + -83. What is the greatest common divisor of y and 261?
9
Let z(f) = 2*f**3 - 8*f**2 + 12*f - 15. Let a be z(3). Suppose 0*v - 3*v = a*u - 30, 0 = -v - 3*u. What is the highest common factor of v and 315?
15
Let d(g) = 10*g**2 + 6*g + 2. Let w be d(4). Suppose 4*p - 426 = w. Calculate the greatest common factor of 17 and p.
17
Let l be -7 - 143165/11*-1. What is the greatest common divisor of l and 96?
48
Suppose z - 99 = -5*x + 1785, -9280 = -5*z + 3*x. Calculate the highest common divisor of z and 26.
13
Let c = 7475 + -7457. Let v = -38 + 53. Suppose 5*f = -0*f + v, -c = -2*u - 2*f. What is the highest common divisor of u and 9?
3
Let z = 120 + -260. Let j = -76 - z. Let g(i) = 2*i**2 - 6*i - 4. Let u be g(5). What is the greatest common divisor of j and u?
16
Let p(u) = u**3 + 4*u**2 - 2*u - 5. Let c be p(-4). Suppose -7 = -c*n - 1. What is the greatest common divisor of 3 and n?
1
Suppose 5*f - 6*f = h - 11, -h = 4*f - 32. Let p be ((-3)/f)/((-7)/(-245)*-5). Calculate the highest common factor of p and 69.
3
Suppose 0*n = -5*g - 2*n + 927, -367 = -2*g + 3*n. Suppose 22*d - 79 = g. Calculate the highest common divisor of 24 and d.
12
Suppose 0 = 2*t - d - 3, -4*t + 8*d - 3 = 3*d. Suppose 2*g - 4*g = -4*m + 96, -5*m + t*g = -120. Calculate the greatest common divisor of 60 and m.
12
Suppose x + 0*x + 4 = 0. Let v be x/(-6)*(-72)/(-6). Suppose v*c - 32 = 4*c. What is the highest common divisor of 72 and c?
8
Let d be 24/(-30)*(-2310)/4. Let b = -40435 + 40699. What is the highest common divisor of b and d?
66
Suppose 25 = -3*n - 4*n + 382. What is the highest common factor of 75 and n?
3
Suppose 0 = 87*o + 17 - 2279. What is the highest common factor of o and 3471?
13
Let p be 1*-14*24*(-561)/816. Calculate the highest common factor of 34881 and p.
231
Suppose -2*n - o + 33 = 0, 2*n - 2*o = 5*n - 47. Let b = -659 - -735. Calculate the highest common factor of b and n.
19
Let b(j) = 43*j - 148. Let g be b(15). Let a = g + -266. What is the greatest common factor of 42 and a?
21
Let g = 70 + -35. Suppose -4*q = -4*f + 9*f - 45, 0 = -2*q + 10. Calculate the highest common divisor of g and f.
5
Let x = -6978 - -7029. What is the greatest common factor of x and 7650?
51
Suppose 31*c - 297 - 168 = 0. Suppose -14*v = -c*v + 5. Calculate the greatest common factor of v and 65.
5
Suppose -8*s + 25*s = 2737. Suppose n = -96 + s. What is the highest common factor of 390 and n?
65
Let a = 19 - 15. Let b be (3/a + (-15)/12)*-18. Suppose -20*s - 405 = -25*s - 4*v, -3*s + 243 = 3*v. What is the highest common divisor of b and s?
9
Let t = -518 - -551. Let j be 11/(t/(-50))*(-24)/20. What is the greatest common factor of 15 and j?
5
Let w be 12740*(-1)/(32/(-48)). Calculate the greatest common factor of w and 105.
105
Let y be ((-193980)/(-244))/(3/18). What is the greatest common factor of y and 270?
90
Let n = -97 + 75. Let p = 109 - n. Let k = -115 + p. Calculate the highest common factor of 56 and k.
8
Let t(w) = 4*w**2 - 3*w + 4. Let h be 12/(-3)*(-7)/2. Suppose -6*u + 10 = -h. Let l be t(u). Calculate the highest common divisor of 14 and l.
14
Let y be (6 + 0 + -5)*-11. Let p(v) = 25*v + 307. Let u be p(y). What is the greatest common factor of u and 2?
2
Let f(h) = -3*h - 9. Let k be f(-6). Suppose k*i - 64 = 11*i. Let u be (10/8)/((-8)/i). What is the highest common factor of 25 and u?
5
Let h(z) = -z**3 - 38*z**2 + 25*z - 340. Let n be h(-39). What is the greatest common factor of n and 14626?
206
Let z(q) = -134*q - 358. Let s be z(-7). Suppose -i = 5*p - 116, -5*i + 48*p + s = 50*p. Calculate the greatest common divisor of 406 and i.
58
Suppose -4*j - x + 568 = 0, 4*x - 95 - 318 = -3*j. Calculate the highest common factor of j and 650.
13
Let w be (-63)/(-3) + (54 - 65). Suppose -6*t = -2*t - 1000. What is the highest common divisor of t and w?
10
Let t = 1030 - 706. Suppose t*